.
81
Calculate the remainder when 121418 is divided by 27.
26
Calculate the remainder when 29967 is divided by 5633.
1802
Calculate the remainder when 60571 is divided by 9764.
1987
Calculate the remainder when 2660960 is divided by 428.
84
Calculate the remainder when 62665 is divided by 8908.
309
Calculate the remainder when 1046478 is divided by 397.
383
What is the remainder when 2055 is divided by 819?
417
What is the remainder when 749332 is divided by 14086?
2774
Calculate the remainder when 32349 is divided by 41.
0
Calculate the remainder when 1681874 is divided by 1278.
26
What is the remainder when 1120497 is divided by 94?
17
What is the remainder when 18593673 is divided by 1131?
33
What is the remainder when 321067885 is divided by 327?
319
Calculate the remainder when 1297181 is divided by 32.
29
Calculate the remainder when 6180298 is divided by 18.
16
Calculate the remainder when 98007 is divided by 16081.
1521
Calculate the remainder when 1525272 is divided by 2642.
838
What is the remainder when 2461183 is divided by 1472?
1471
Calculate the remainder when 630542 is divided by 11897.
1
What is the remainder when 10652308 is divided by 1748?
1744
Calculate the remainder when 812719 is divided by 42773.
32
Calculate the remainder when 59254 is divided by 6353.
2077
Calculate the remainder when 78889598 is divided by 72.
62
Calculate the remainder when 7408553 is divided by 493902.
23
What is the remainder when 1050278 is divided by 61781?
1
What is the remainder when 38278 is divided by 1023?
427
Calculate the remainder when 191223 is divided by 1956.
1491
What is the remainder when 15207 is divided by 802?
771
What is the remainder when 26312 is divided by 54?
14
What is the remainder when 17258 is divided by 1226?
94
Calculate the remainder when 146420298 is divided by 73210144.
10
Calculate the remainder when 17648274 is divided by 178265.
39
Calculate the remainder when 1379589 is divided by 27589.
139
What is the remainder when 12683 is divided by 2217?
1598
Calculate the remainder when 22813624 is divided by 2104.
2056
What is the remainder when 20498940 is divided by 29?
0
What is the remainder when 441551 is divided by 2495?
2431
What is the remainder when 359614 is divided by 172?
134
What is the remainder when 1345862827 is divided by 31?
28
Calculate the remainder when 6845263 is divided by 7.
5
Calculate the remainder when 195659 is divided by 3993.
2
What is the remainder when 33225947 is divided by 2225?
22
Calculate the remainder when 440027 is divided by 12882.
2039
Calculate the remainder when 353057 is divided by 88187.
309
Calculate the remainder when 36180717 is divided by 236.
29
What is the remainder when 235816 is divided by 1117?
129
What is the remainder when 10278444 is divided by 541?
526
Calculate the remainder when 326284 is divided by 21681.
1069
What is the remainder when 56523 is divided by 17073?
5304
What is the remainder when 180617 is divided by 30032?
425
Calculate the remainder when 43634 is divided by 444.
122
What is the remainder when 502069 is divided by 502054?
15
Calculate the remainder when 9741895 is divided by 64.
7
What is the remainder when 751811 is divided by 18335?
76
Calculate the remainder when 95559 is divided by 1592.
39
Calculate the remainder when 761478 is divided by 11.
3
Calculate the remainder when 63731742 is divided by 35.
32
Calculate the remainder when 1154649 is divided by 937.
265
What is the remainder when 90600 is divided by 15?
0
What is the remainder when 110874009 is divided by 67?
64
What is the remainder when 50632729 is divided by 1670?
1669
What is the remainder when 706093 is divided by 87?
1
What is the remainder when 1651900 is divided by 271?
155
Calculate the remainder when 37979 is divided by 2759.
2112
Calculate the remainder when 36170 is divided by 1165.
55
Calculate the remainder when 42140887 is divided by 877935.
7
What is the remainder when 17111877 is divided by 4277968?
5
What is the remainder when 6360423 is divided by 72?
15
Calculate the remainder when 11791 is divided by 11293.
498
What is the remainder when 992675 is divided by 7409?
7278
What is the remainder when 130206872 is divided by 181?
178
What is the remainder when 902536 is divided by 5?
1
Calculate the remainder when 607584 is divided by 234.
120
Calculate the remainder when 66818 is divided by 106.
38
Calculate the remainder when 1440228 is divided by 766.
148
What is the remainder when 126968 is divided by 25215?
893
What is the remainder when 181935 is divided by 90246?
1443
Calculate the remainder when 136720 is divided by 1588.
152
What is the remainder when 380501 is divided by 29?
21
Calculate the remainder when 42743838 is divided by 472.
462
What is the remainder when 619586372 is divided by 25?
22
What is the remainder when 47633407 is divided by 220525?
7
What is the remainder when 19847 is divided by 6532?
251
What is the remainder when 1407973 is divided by 469314?
31
What is the remainder when 556815 is divided by 5987?
24
What is the remainder when 179037 is divided by 688?
157
Calculate the remainder when 166679 is divided by 256.
23
What is the remainder when 32652 is divided by 1550?
102
What is the remainder when 7142 is divided by 1959?
1265
Calculate the remainder when 371854 is divided by 1503.
613
Calculate the remainder when 1600290 is divided by 2299.
186
Calculate the remainder when 2657733 is divided by 103.
24
What is the remainder when 33548905 is divided by 11182951?
52
Calculate the remainder when 189765 is divided by 63155.
300
What is the remainder when 33285718 is divided by 79?
16
Calculate the remainder when 3970425 is divided by 233554.
7
What is the remainder when 2778625 is divided by 131?
115
Calculate the remainder when 1484101 is divided by 247336.
85
Calculate the remainder when 120909645 is divided by 152.
29
Calculate the remainder when 60080 is divided by 29867.
346
What is the remainder when 762382 is divided by 23816?
270
Calculate the remainder when 747448 is divided by 2382.
1882
Calculate the remainder when 4356876 is divided by 92698.
70
What is the remainder when 24715 is divided by 1123?
9
Calculate the remainder when 25748331 is divided by 75068.
7
What is the remainder when 19357 is divided by 1398?
1183
Calculate the remainder when 27364415 is divided by 9801.
23
Calculate the remainder when 4602623 is divided by 46026.
23
Calculate the remainder when 133320 is divided by 203.
152
Calculate the remainder when 2774169 is divided by 396305.
34
Calculate the remainder when 193286 is divided by 2614.
2464
What is the remainder when 129140 is divided by 21445?
470
What is the remainder when 278296 is divided by 135442?
7412
Calculate the remainder when 2018198 is divided by 1372.
1358
What is the remainder when 32023840 is divided by 455?
30
What is the remainder when 274119 is divided by 1298?
241
Calculate the remainder when 510768 is divided by 1654.
1336
What is the remainder when 7062 is divided by 937?
503
Calculate the remainder when 20283982 is divided by 1.
0
Calculate the remainder when 12259121 is divided by 307.
304
What is the remainder when 181404410 is divided by 9928?
9922
What is the remainder when 1245080 is divided by 4663?
59
What is the remainder when 669079 is divided by 2634?
43
Calculate the remainder when 3088539 is divided by 11272.
11
What is the remainder when 5239 is divided by 3954?
1285
What is the remainder when 105765648 is divided by 123558?
0
Calculate the remainder when 56791493 is divided by 56791488.
5
What is the remainder when 1874105 is divided by 353?
28
Calculate the remainder when 539208 is divided by 207.
180
Calculate the remainder when 206500 is divided by 2512.
516
Calculate the remainder when 3245677 is divided by 1098.
1087
What is the remainder when 464317 is divided by 6541?
6447
What is the remainder when 13739436 is divided by 2288?
2284
Calculate the remainder when 207057 is divided by 1309.
235
What is the remainder when 179803 is divided by 44933?
71
What is the remainder when 731914 is divided by 268?
6
Calculate the remainder when 6615600 is divided by 4636.
28
Calculate the remainder when 7271146 is divided by 2423707.
25
What is the remainder when 3248362